omposite?
False
Is 359519 a composite number?
True
Is 539573 a prime number?
True
Is 583 a composite number?
True
Is 118 a composite number?
True
Is 14029 a prime number?
True
Is 2633842 composite?
True
Is 100231 composite?
True
Is 1723543 a prime number?
False
Is 370607 a prime number?
False
Is 14449 composite?
False
Is 9257 composite?
False
Is 943 a composite number?
True
Is 6547 a composite number?
False
Is 43159 a prime number?
True
Is 170987 prime?
False
Is 14347 composite?
False
Is 78041 a prime number?
True
Is 41278 a prime number?
False
Is 12251 prime?
True
Is 34483 a composite number?
False
Is 270899 composite?
False
Is 14377 a prime number?
False
Is 59 composite?
False
Is 3075863 a prime number?
False
Is 4861 composite?
False
Is 11917 a composite number?
True
Is 80741 a prime number?
False
Is 52609 a prime number?
True
Is 446189 composite?
False
Is 4327 composite?
False
Is 73399 a composite number?
True
Is 196799 a prime number?
True
Is 36893 prime?
False
Is 2388221 prime?
False
Is 2745307 prime?
True
Is 475547 a prime number?
False
Is 8947 composite?
True
Is 21503 prime?
True
Is 1769947 a prime number?
True
Is 2641 prime?
False
Is 252511 composite?
True
Is 45053 prime?
True
Is 72859 prime?
True
Is 613807 a composite number?
False
Is 1713389 a composite number?
False
Is 179 a composite number?
False
Is 106519 prime?
False
Is 119965 a prime number?
False
Is 35599 prime?
False
Is 523331 composite?
True
Is 7751 prime?
False
Is 652621 composite?
False
Is 3458227 a prime number?
False
Is 17863 prime?
True
Is 103141 a composite number?
False
Is 514891 a composite number?
True
Is 2931413 a composite number?
False
Is 98837 a prime number?
True
Is 73183 a prime number?
False
Is 351853 a composite number?
True
Is 25031 a composite number?
False
Is 518347 prime?
False
Is 321297 a prime number?
False
Is 1869271 a prime number?
True
Is 172729 a prime number?
False
Is 58039 composite?
True
Is 718043 composite?
False
Is 3593 composite?
False
Is 33793 composite?
True
Is 44983 prime?
True
Is 79319 a prime number?
True
Is 257561 prime?
True
Is 76799 a composite number?
True
Is 89189 prime?
True
Is 530947 prime?
True
Is 213515 prime?
False
Is 15053 composite?
False
Is 6197 composite?
False
Is 19207 a prime number?
True
Is 7709 prime?
False
Is 594809 a prime number?
False
Is 564191 composite?
False
Is 370631 prime?
True
Is 5663 composite?
True
Is 2079347 a prime number?
True
Is 403603 prime?
True
Is 198782 composite?
True
Is 337 composite?
False
Is 567797 a composite number?
True
Is 599323 prime?
False
Is 3389 a prime number?
True
Is 46 a prime number?
False
Is 581387 a composite number?
True
Is 275357 a composite number?
False
Is 48743 a prime number?
False
Is 6295193 composite?
False
Is 345547 prime?
True
Is 7451 prime?
True
Is 112327 a prime number?
True
Is 387319 prime?
False
Is 742439 a composite number?
False
Is 447503 prime?
False
Is 2833 prime?
True
Is 102749 a composite number?
True
Is 13649 prime?
True
Is 3609863 a composite number?
False
Is 118715 a prime number?
False
Is 138091 prime?
False
Is 48353 composite?
False
Is 19121 a composite number?
False
Is 122545 prime?
False
Is 66907 prime?
False
Is 13567 a prime number?
True
Is 440573 a prime number?
False
Is 7753 a prime number?
True
Is 10399 prime?
True
Is 2431694 prime?
False
Is 877 composite?
False
Is 17774 prime?
False
Is 2939 a composite number?
False
Is 212183 a prime number?
True
Is 6053 composite?
False
Is 1179291 a prime number?
False
Is 2503 a prime number?
True
Is 6805 a composite number?
True
Is 1059329 composite?
True
Is 2515 a prime number?
False
Is 1801 composite?
False
Is 209561 a composite number?
True
Is 879 prime?
False
Is 4971 composite?
True
Is 26045 a prime number?
False
Is 2353 prime?
False
Is 32749 prime?
True
Is 72421 composite?
False
Is 1320289 a composite number?
True
Is 839 a prime number?
True
Is 5585 a composite number?
True
Is 313265 a composite number?
True
Is 7517 a prime number?
True
Is 122981 a composite number?
True
Is 24241 prime?
False
Is 57037 a prime number?
True
Is 831673 a composite number?
True
Is 30241 a composite number?
False
Is 143873 composite?
False
Is 24793 a prime number?
True
Is 19829 composite?
True
Is 39481 composite?
True
Is 97091 a prime number?
False
Is 1103069 a composite number?
True
Is 1543 a prime number?
True
Is 413281 a prime number?
False
Is 635 a composite number?
True
Is 3491 a prime number?
True
Is 373 a prime number?
True
Is 88017 composite?
True
Is 35671 a prime number?
True
Is 132953 prime?
True
Is 98831 composite?
True
Is 27223 composite?
True
Is 18301 composite?
False
Is 31643 prime?
True
Is 1853711 composite?
False
Is 155113 composite?
True
Is 696283 composite?
True
Is 18301 a prime number?
True
Is 301669 prime?
True
Is 20873 prime?
True
Is 2927 a prime number?
True
Is 977 a prime number?
True
Is 52447 a composite number?
True
Is 51631 a prime number?
True
Is 27647 a prime number?
True
Is 2042717 a prime number?
True
Is 10291 composite?
True
Is 68729 a composite number?
False
Is 99661 a composite number?
False
Is 14257 a prime number?
False
Is 8057 a prime number?
False
Is 55283 a composite number?
True
Is 26093 composite?
True
Is 1490869 a prime number?
True
Is 15131 composite?
False
Is 437263 prime?
True
Is 510611 composite?
False
Is 14039 composite?
True
Is 28913 prime?
False
Is 141391 a composite number?
True
Is 11777 composite?
False
Is 51 prime?
False
Is 5261 prime?
True
Is 34942 a prime number?
False
Is 19517 composite?
True
Is 10781 prime?
True
Is 9767 composite?
False
Is 45677 a composite number?
False
Is 635039 a prime number?
True
Is 225383 composite?
False
Is 38113 a composite number?
False
Is 27011 a prime number?
True
Is 44449 prime?
True
Is 15121 a prime number?
True
Is 919 a prime number?
True
Is 1069 prime?
True
Is 17251 a composite number?
True
Is 64217 composite?
False
Is 40423 a prime number?
True
Is 675921 a prime number?
False
Is 9611 a prime number?
False
Is 160177 composite?
True
Is 438601 prime?
True
Is 38741 a composite number?
True
Is 55973 a prime number?
False
Is 28751 prime?
True
Is 7393 a prime number?
True
Is 66835 composite?
True
Is 25963 composite?
True
Is 50261 prime?
True
Is 16373 prime?
False
Is 923129 a composite number?
False
Is 359441 prime?
True
Is 330199 composite?
False
Is 26157 prime?
False
Is 366053 a prime number?
True
Is 118831 a composite number?
False
Is 2317 a prime number?
False
Is 283961 composite?
False
Is 6247 composite?
False
Is 59909 composite?
True
Is 704173 a composite number?
True
Is 40871 a prime number?
False
Is 58 a prime number?
False
Is 33141 prime?
False
Is 9587 a composite number?
False
Is 353 a prime number?
True
Is 29758 a prime number?
False
Is 5531 a prime number?
True
Is 64667 prime?
True
Is 1793 a prime number?
False
Is 62173 a prime number?
False
Is 12531 a prime number?
False
Is 3491 prime?
True
Is 6122 a prime number?
False
Is 1072111 composite?
True
Is 1115 a composite number?
True
Is 5981 a prime number?
True
Is 129169 composite?
False
Is 76421 a composite number?
False
Is 4139 a prime number?
True
Is 41483 a prime number?
False
Is 134807 a prime number?
True
Is 4453 a composite number?
True
Is 34403 prime?
True
Is 2255867 composite?
False
Is 12307 prime?
False
Is 139937 prime?
False
Is 30337 composite?
True
Is 81097 prime?
True
Is 10297 a prime number?
False
Is 486919 a prime number?
False
Is 1052719 a prime number?
True
Is 20573 prime?
False
Is 13781 a prime number?
True
Is 236185 composite?
True
Is 354533 prime?
True
Is 1259 prime?
True
Is 103559 a composite number?
True
Is 206381 composite?
True
Is 7499 composite?
False
Is 15959 composite?
False
Is 40459 a composite number?
False
Is 1949 a prime number?
True
Is 12931 composite?
True
Is 1139 prime?
False
Is 11467 composite?
False
Is 1953857 prime?
True
Is 81119 a composite number?
False
Is 44417 a prime number?
True
Is 195346 a composite number?
True
Is 100693 prime?
True
Is 5639 a prime number?
True
Is 18455 composite?
True
Is 11777 a prime number?
True
Is 18883 a composite number?
True
Is 230221 a prime number?
True
Is 49193 a prime number?
True
Is 4609 a prime number?
False
Is 4666 prime?
False
Is 81527 a prime number?
True
Is 4547 a prime number?
True
Is 40723 prime?
False
Is 15959 